. Calculate the remainder when n is divided by h.
7
Let q(p) = 2*p**3 - 60*p**2 + 67*p - 233. Calculate the remainder when 595 is divided by q(29).
7
Let d(m) = 32*m**2 + 1. Let u be d(2). Suppose -4*z + 83 = 3*b, 5*b - 2*z = -4*z + u. What is the remainder when b is divided by 4?
1
Let i = -2527 - -2626. Calculate the remainder when 331 is divided by i.
34
Let f(m) = -33*m**3 + 4*m**2 + 1. Let t be f(-2). Let o = -129 + t. What is the remainder when o is divided by 26?
22
Let x(d) = -2*d**2 + 98*d + 978. What is the remainder when 225 is divided by x(57)?
27
Suppose -2*c + 11391 = 86*c - 929. What is the remainder when 611 is divided by c?
51
Calculate the remainder when 4150/34 - 180/3060 is divided by 73.
49
Suppose 31610 = -66*n - 18*n + 335102. What is the remainder when n is divided by 13?
12
Suppose 10*b - 1371 = -501. What is the remainder when 610 is divided by b?
1
What is the remainder when 2 + 1 - (-126)/((-5)/45*-3) is divided by 79?
65
Let j = -48 + 69. Let y(l) = -13 - l**3 + 2*l**2 - 10*l + 11*l**2 + 0*l**3. What is the remainder when j is divided by y(12)?
10
Suppose -2*o + 2403 = 5*p - 6348, 7*p - 12246 = -o. What is the remainder when p is divided by 84?
69
Suppose -28*o + 827 = -22*o + 11. What is the remainder when 5709 is divided by o?
133
Let b(i) = 13*i**2 + 6*i + 8. Let u be b(-3). Let f = 226 - u. What is the remainder when 30 is divided by 5 + (2/(-5) - f/(-35))?
6
Let g = 426 + -441. Calculate the remainder when 38 is divided by (-6 - -66)*(-6)/g - 3.
17
What is the remainder when ((4/(-10))/(3/365))/((-15)/45) is divided by 79?
67
Suppose 0 = 11*z + 6*z - 4709. Let c = z - 258. What is the remainder when c is divided by 15?
4
Let j = 15770 + -15464. Calculate the remainder when 1175 is divided by j.
257
Let b(a) = -6*a + 726. What is the remainder when b(20) is divided by 201?
3
Suppose 3*q - 7*q = -3*u + 397, -5*u + 720 = 5*q. Calculate the remainder when u is divided by (3/(-2))/(33/(-836)).
25
Suppose t - 34 = -2*u, 2*u + 3*u - 69 = -2*t. Suppose -19*r + 82 = -t. Let a = -6 - -23. Calculate the remainder when a is divided by r.
5
Suppose -9*g + 5*g = -92. Let a(r) = 2*r**3 + 2*r**2 - 16*r - 3. Let l be a(4). Let s = l + -27. Calculate the remainder when s is divided by g.
20
Suppose -50 = -3*k + 4*v, -2*v - 3*v = k + 15. Let n = -1 + k. Calculate the remainder when n is divided by ((-200)/(-110))/10*22.
1
Let k = -1241 - -1363. What is the remainder when 849 is divided by k?
117
Let s(j) = -j**3 + 14*j**2 + j - 11. Let t = -66 - -80. Let v be s(t). Suppose 34 = v*y - y. What is the remainder when 62 is divided by y?
11
Suppose 0 = -g - 3*o + 13 - 26, 5*g = -4*o - 10. What is the remainder when 25 is divided by 1164/108 + g/9?
3
Suppose 111*s = 113*s - 6. Suppose 78 + 69 = s*y. Let u(l) = l**3 + 6*l**2 + l - 1. Calculate the remainder when y is divided by u(-5).
11
Suppose 22*k - 14*k = 48. Suppose k*u - 102 = -4*s + 4*u, 0 = -s + u + 18. Let f = -73 - -139. Calculate the remainder when f is divided by s.
20
Suppose z = 4 + 7. Suppose w = 0, 51 = 2*v + 2*w - z. What is the remainder when 50 is divided by v?
19
Let t(d) = -4*d + 1 - 4*d - 3*d + 9*d. Let s be t(1). Calculate the remainder when (-154)/((s - 0)*2) is divided by 20.
17
Let j = 109 + -48. Suppose -208 = -7*c - j. Suppose -g + 15 + 26 = 0. Calculate the remainder when g is divided by c.
20
Let w = 4206 + -3436. Calculate the remainder when w is divided by 385.
0
Suppose -7*b = -5*h - 4*b + 160, 3*b = h - 20. Calculate the remainder when 240 is divided by h.
30
Let j(n) = -32 - 2 - 3*n - 37. What is the remainder when (3/(-2))/(2/(-144)) is divided by j(-33)?
24
Calculate the remainder when 227 is divided by (-3299 - 34)/11*((-2)/(-3) + -1).
25
Let k = -14765 - -16670. What is the remainder when k is divided by 11?
2
Let z(c) = c**2 - 17*c + 13. Let g(h) = -h**2 + 19*h - 13. Let n(p) = -2*g(p) - 3*z(p). Calculate the remainder when 39 is divided by n(7).
10
Let p(i) = 15*i**2 + 40*i - 37. Calculate the remainder when 543 is divided by p(-5).
129
Suppose -5315 + 4511 = -4*z + 4*x, 0 = -4*z + 3*x + 798. What is the remainder when 560 is divided by z?
170
Suppose 3*l - 8*l = -1320. Suppose 11906*m - 12025*m = -10829. Calculate the remainder when l is divided by m.
82
Let d be (-6010)/(-75) - 4/30. Let t = -41 + d. What is the remainder when t is divided by 4?
3
Let s = 66 - 68. Let g(j) = -8*j**3 + 2*j + 1. Calculate the remainder when g(s) is divided by 22.
17
What is the remainder when ((-507)/(-9) - -1)/((-218)/(-1308)) is divided by 27?
20
Let r(d) = -d**3 + 33*d**2 - 68*d + 196. What is the remainder when 466/4 + (-3)/(-6) is divided by r(31)?
7
Let c(q) = -12*q**3 + 3*q**2 + 2*q. Let m be c(-1). Let p = 77 - m. Suppose -5*f + p + 581 = 0. What is the remainder when f is divided by 33?
30
Let x = 6 + 8. Let y be x + 0/(4/(-4)). Suppose 6 + y = 4*g. Calculate the remainder when 9 is divided by g.
4
Suppose 4*u - 43 = -p, 35*p + 226 = 39*p - 2*u. Suppose -246*c + 320 = -236*c. What is the remainder when p is divided by c?
23
Let o = 56 + -51. Suppose -2*m + o*g - 17 = 0, -5*g + g + 20 = 0. Suppose 118 = -m*r + 338. What is the remainder when r is divided by 20?
15
Let f = 5364 - 2690. Calculate the remainder when f is divided by 12.
10
Let o be (60/90)/(2*1/261). Let z = -54 + o. What is the remainder when z is divided by ((-54)/(-15))/(4/10)?
6
Let f(c) = 4*c - 2. Let w be f(-2). Let b = w - -37. Let i = 31 - 26. Calculate the remainder when b is divided by i.
2
Suppose 3*q + 5*s = 292, 74 = q - s - 2*s. Let n = q + -13. Suppose 19 = t + 2*h, n = 4*t + h + h. What is the remainder when 55 is divided by t?
17
Suppose -5*i + 8*c - 4*c = -893, i = c + 178. Suppose 3*s + l = 15 + 3, 30 = 3*s - 3*l. What is the remainder when i is divided by s?
6
Let g = 37 - 0. Suppose -2478 = -g*b + 44*b. Calculate the remainder when 87 is divided by b/(-18) - 4 - 4/6.
12
Let k = 8 - -92. Suppose 0 = g + h + 50, -h = 4*g + k + 91. Let n = g - -107. Calculate the remainder when n is divided by 21.
18
Suppose -3*j - q - 12 = 0, q - 13 = 2*j - 0*q. Let m be 1/j + (28/(-10) - -3). Calculate the remainder when 756/(-35)*(-5 - m) is divided by 11.
9
Suppose 0 = 5*f - 3*c + 1309 - 117, 4*c = -3*f - 721. Let d = -221 - f. What is the remainder when 29 is divided by d?
11
Suppose 235 = 5*r - 2*q, -5*r + 9*q - 5*q + 245 = 0. Suppose w - r = 513. Calculate the remainder when w is divided by 112.
110
Suppose -h = 5*u - 6*h - 180, 5*h - 20 = 0. Let q(m) = 6*m + 4. What is the remainder when (6/(-5) - 0)/(u/(-3700)) is divided by q(4)?
27
Let h be 544/18 - (-68)/(-306). Calculate the remainder when 12 is divided by (2*(-2)/(-10))/(2/h).
0
Suppose 134 + 230 = 52*d. Suppose -2*g + 18 = -5*t - 45, -91 = -4*g + 3*t. Calculate the remainder when g is divided by d.
5
Suppose 14*l - 10*l + 3*p - 58 = 0, -3*l + 5*p = 0. What is the remainder when 143 is divided by l?
3
Let p(n) = n**3 + n**2 - 28*n + 37. What is the remainder when 1214 is divided by p(6)?
4
Let q(h) = -h**2 - 8*h + 127. Calculate the remainder when 606 is divided by q(0).
98
Let g(i) = i**2 + 21*i + 11. Let m(l) = 4*l**2 + 62*l + 33. Let v(y) = 7*g(y) - 2*m(y). What is the remainder when 126 is divided by v(22)?
27
Suppose 0 = -4*n - 5*c + 9 + 2, 0 = -4*n + c + 17. Suppose -n*a + 19 = -41. What is the remainder when 36 is divided by a?
6
Let k = 7145 + -6893. Calculate the remainder when k is divided by 123.
6
Suppose 3*b - 2009 = -5*p, 25 = -2*b + 41. What is the remainder when p is divided by 201?
196
Suppose 7*q - 3*y + 2580 = 9*q, -3853 = -3*q + 4*y. Calculate the remainder when q is divided by 14.
13
Let v = 57 + -22. Let b = -5855 + 5860. What is the remainder when v is divided by b?
0
Let l = -431 - -455. Let h = -34 + -36. Let z = h - -115. Calculate the remainder when z is divided by l.
21
Let k = 9 - -63. Suppose 3*h = -15 + k. Suppose 0 = 377*m - 6630 - 14105. Calculate the remainder when m is divided by h.
17
Suppose -d = 3*c - 24, 0 = 4*d - c + 4*c - 78. Let s = 32 - d. Let w(m) = -m**3 - 5*m**2 + 6*m + 12. Calculate the remainder when w(-7) is divided by s.
12
Let k(m) = 2*m**2 + 12*m + 13. Let q be ((-1)/1)/((-3)/21) - -1. Calculate the remainder when k(q) is divided by 10.
7
Let q(m) = -m**2 + m + 9. Suppos